{"id":112,"date":"2016-03-22T19:09:25","date_gmt":"2016-03-22T22:09:25","guid":{"rendered":"https:\/\/periodoncia.com.ar\/2016\/?page_id=112"},"modified":"2016-10-17T14:58:01","modified_gmt":"2016-10-17T17:58:01","slug":"etapas-de-la-enfermedad","status":"publish","type":"page","link":"https:\/\/periodoncia.com.ar\/2016\/etapas-de-la-enfermedad\/","title":{"rendered":"Etapas de la enfermedad"},"content":{"rendered":"<div id=\"dslc-theme-content\"><div id=\"dslc-theme-content-inner\"><div class=\"wpb-content-wrapper\"><p>[vc_row][vc_column width=\"2\/3\"][vc_column_text css_animation=\"top-to-bottom\"]<\/p>\n<h4 class=\"sub_titulos\" style=\"text-align: left;\" align=\"center\"><strong>Esta tabla resume las etapas de la progresi\u00f3n de la enfermedad<br \/>\ny su asociaci\u00f3n con los signos y s\u00edntomas.<\/strong><\/h4>\n<p>[\/vc_column_text][vc_gallery interval=\"3\" images=\"424,425,426,427,428\" img_size=\"500\"][\/vc_column][vc_column width=\"1\/3\"][\/vc_column][\/vc_row]<\/p>\n<\/div><\/div><\/div>","protected":false},"excerpt":{"rendered":"<p>[vc_row][vc_column width=\"2\/3\"][vc_column_text css_animation=\"top-to-bottom\"] Esta tabla resume las etapas de la progresi\u00f3n de la enfermedad y su asociaci\u00f3n con los signos y s\u00edntomas. [\/vc_column_text][vc_gallery interval=\"3\" images=\"424,425,426,427,428\" img_size=\"500\"][\/vc_column][vc_column<span class=\"excerpt-hellip\"> [\u2026]<\/span><\/p>\n","protected":false},"author":2,"featured_media":0,"parent":0,"menu_order":0,"comment_status":"closed","ping_status":"closed","template":"","meta":{"footnotes":""},"class_list":["post-112","page","type-page","status-publish","hentry"],"_links":{"self":[{"href":"https:\/\/periodoncia.com.ar\/2016\/wp-json\/wp\/v2\/pages\/112","targetHints":{"allow":["GET"]}}],"collection":[{"href":"https:\/\/periodoncia.com.ar\/2016\/wp-json\/wp\/v2\/pages"}],"about":[{"href":"https:\/\/periodoncia.com.ar\/2016\/wp-json\/wp\/v2\/types\/page"}],"author":[{"embeddable":true,"href":"https:\/\/periodoncia.com.ar\/2016\/wp-json\/wp\/v2\/users\/2"}],"replies":[{"embeddable":true,"href":"https:\/\/periodoncia.com.ar\/2016\/wp-json\/wp\/v2\/comments?post=112"}],"version-history":[{"count":16,"href":"https:\/\/periodoncia.com.ar\/2016\/wp-json\/wp\/v2\/pages\/112\/revisions"}],"predecessor-version":[{"id":450,"href":"https:\/\/periodoncia.com.ar\/2016\/wp-json\/wp\/v2\/pages\/112\/revisions\/450"}],"wp:attachment":[{"href":"https:\/\/periodoncia.com.ar\/2016\/wp-json\/wp\/v2\/media?parent=112"}],"curies":[{"name":"wp","href":"https:\/\/api.w.org\/{rel}","templated":true}]}}