{"id":166,"date":"2016-03-28T19:46:03","date_gmt":"2016-03-28T22:46:03","guid":{"rendered":"https:\/\/periodoncia.com.ar\/2016\/?page_id=166"},"modified":"2022-10-31T17:26:43","modified_gmt":"2022-10-31T20:26:43","slug":"el-odontologo-3","status":"publish","type":"page","link":"https:\/\/periodoncia.com.ar\/2016\/el-odontologo-3\/","title":{"rendered":"El Odontologo"},"content":{"rendered":"<div id=\"dslc-theme-content\"><div id=\"dslc-theme-content-inner\"><div class=\"wpb-content-wrapper\"><p>[vc_row][vc_column][vc_empty_space height=\"96\"][vc_column_text]<\/p>\n<h2><span style=\"color: #1ac1b3;\"><strong>EL ODONTOLOGO<br \/>\n<\/strong><\/span><\/h2>\n<p>[\/vc_column_text][vc_empty_space height=\"24\"][\/vc_column][\/vc_row][vc_row][vc_column width=\"1\/2\"][vc_column_text]<\/p>\n<h4>Pocas personas se dan cuenta de lo que significa la misi\u00f3n del dentista.<\/h4>\n<h4>\"Sin embargo, esta profesi\u00f3n requiere conocimientos y experiencias, que tienen de ciencia y arte. Demanda tacto, intuici\u00f3n y delicadeza psicol\u00f3gica, a fin de lograr el arte de la persuaci\u00f3n y la autoridad moral necesarias para anticiparse a los temores instintivos y las dudas del paciente, y vencerlas\".<\/h4>\n<h4>\"Necesit\u00e1is paciencia y resistencia f\u00edsica, pues, deb\u00e9is mantener un esfuerzo continuado de control de todos vuestros sentidos, de vuestros nervios, de vuestro cuerpo, de vuestra mente, de vuestra voluntad y de vuestra sensibilidad\".<\/h4>\n<h4>\"Siempre de pie, a menudo en una actitud forzada, vuestros ojos deben rendir al m\u00e1ximo de su visi\u00f3n; vuestras manos, siempre ocupadas, deben mantener una flexibilidad que permita manipular varios instrumentos a la vez; mientras cada movimiento es impedido por reflejos y reacciones del paciente, que no siempre se pueden prevenir\".<\/h4>\n<h4>\"En todo este tiempo deb\u00e9is permanecer imperturbables, tranquilos, corteses y llenos de caridad\".<br \/>\n<strong>Su Santidad Pio XII<\/strong><\/h4>\n<p>[\/vc_column_text][\/vc_column][vc_column width=\"1\/2\"][vc_single_image image=\"164\" img_size=\"670x475\" alignment=\"center\" style=\"vc_box_shadow_3d\" onclick=\"img_link_large\" css_animation=\"bottom-to-top\"][\/vc_column][\/vc_row][vc_row][vc_column][vc_empty_space height=\"128\"][\/vc_column][\/vc_row]<\/p>\n<\/div><\/div><\/div>","protected":false},"excerpt":{"rendered":"<p>[vc_row][vc_column][vc_empty_space height=\"96\"][vc_column_text] EL ODONTOLOGO [\/vc_column_text][vc_empty_space height=\"24\"][\/vc_column][\/vc_row][vc_row][vc_column width=\"1\/2\"][vc_column_text] Pocas personas se dan cuenta de lo que significa la misi\u00f3n del dentista. \"Sin embargo, esta profesi\u00f3n requiere conocimientos<span class=\"excerpt-hellip\"> [\u2026]<\/span><\/p>\n","protected":false},"author":2,"featured_media":0,"parent":0,"menu_order":0,"comment_status":"closed","ping_status":"closed","template":"","meta":{"footnotes":""},"class_list":["post-166","page","type-page","status-publish","hentry"],"_links":{"self":[{"href":"https:\/\/periodoncia.com.ar\/2016\/wp-json\/wp\/v2\/pages\/166","targetHints":{"allow":["GET"]}}],"collection":[{"href":"https:\/\/periodoncia.com.ar\/2016\/wp-json\/wp\/v2\/pages"}],"about":[{"href":"https:\/\/periodoncia.com.ar\/2016\/wp-json\/wp\/v2\/types\/page"}],"author":[{"embeddable":true,"href":"https:\/\/periodoncia.com.ar\/2016\/wp-json\/wp\/v2\/users\/2"}],"replies":[{"embeddable":true,"href":"https:\/\/periodoncia.com.ar\/2016\/wp-json\/wp\/v2\/comments?post=166"}],"version-history":[{"count":14,"href":"https:\/\/periodoncia.com.ar\/2016\/wp-json\/wp\/v2\/pages\/166\/revisions"}],"predecessor-version":[{"id":1045,"href":"https:\/\/periodoncia.com.ar\/2016\/wp-json\/wp\/v2\/pages\/166\/revisions\/1045"}],"wp:attachment":[{"href":"https:\/\/periodoncia.com.ar\/2016\/wp-json\/wp\/v2\/media?parent=166"}],"curies":[{"name":"wp","href":"https:\/\/api.w.org\/{rel}","templated":true}]}}